mmon divisor of 98 and r.
14
Let c = -663 + 660. Let i be (-20)/c - 34/51 - -4. Calculate the greatest common factor of i and 170.
10
Let v = 170 - 167. Let z be (-1222)/(-2) + 1/((-1)/v). Calculate the greatest common factor of z and 38.
38
Let o be ((-1)/(-2 - -3))/(-4 - (-906)/228). Calculate the highest common factor of 1178 and o.
38
Let g(s) = -s**3 + 3*s**2 + s + 22. Let r be g(0). Suppose 17 = -5*p + r. Let w = -24 + 41. What is the greatest common factor of p and w?
1
Let w = 113 - 115. Let y(l) = l**2 - 1. Let h be y(w). Suppose -h*b + 8*b = -5*o + 30, -6 = o + 4*b. Calculate the highest common divisor of 35 and o.
5
Suppose 186722 + 64728 = 25*k. Calculate the greatest common divisor of 94 and k.
94
Let g(b) = -b**2 + 22*b - 12. Let x = 116 - 107. Let w be g(x). Suppose -633 = -4*q - w. What is the greatest common factor of q and 12?
12
Suppose 4*x - 351 = -5*r, -29*x + 27*x + 5*r + 213 = 0. Let s be x/30 - (-32)/(-240). What is the greatest common factor of 3 and s?
3
Suppose g = -4*y + 2*g + 139, 31 = y - g. Let c = y + -33. Suppose -c*m + 52 = -m. What is the greatest common divisor of 130 and m?
26
Let o be ((-16)/(-6))/((-37)/111) + 169. Suppose -3*t - 6 = 0, 3*i - 2*i + 4*t = 15. What is the highest common factor of i and o?
23
Let y(v) = -v**3 - 13*v**2 + 8*v + 48. Suppose -2*m - 7*d = -4*d + 22, 5*d - 80 = 5*m. Let t be y(m). Calculate the greatest common factor of t and 165.
33
Let k = 20 - 42. Suppose 4*d = -d + 180. Let t = k + d. What is the greatest common factor of 42 and t?
14
Let o be (((-9)/(-3))/(-3))/((-3)/54). Suppose -8*k + 9*k = o. What is the highest common divisor of k and 36?
18
Suppose 112*z - 114*z - 350 = -4*w, -5*w + 5*z = -450. What is the highest common divisor of w and 833?
17
Suppose -2*v - 1561 - 5047 = -19*y, 1736 = 5*y - 2*v. What is the highest common divisor of 2349 and y?
87
Let d = -393 - -412. Let u = d + 14. Let g(j) = -83*j - 1. Let f be g(-2). What is the greatest common divisor of u and f?
33
Let t(u) = 1803*u + 4012. Let m be t(15). What is the highest common divisor of 13 and m?
13
Let c be 28 + 5 - (12 - (6 - (-9)/(-3))). Suppose 2*k - 297 = -81. What is the greatest common factor of c and k?
12
Let x be 2 + -3 + (-70)/(-14). Suppose 4 = 3*n + 10, -58 = -3*c - x*n. Calculate the greatest common factor of c and 11.
11
Let x = 14749 + -14752. Let a = 31 - 15. Let t be a - (x/12 + 7/(-4)). Calculate the greatest common divisor of t and 18.
18
Suppose -4*d - 2*q = -56, -2*d = 21*q - 26*q - 28. Suppose -4*h + 270 = -2*h - 4*j, -5*h - 5*j + 660 = 0. Calculate the greatest common divisor of h and d.
7
Suppose 0 = -18*h - 25*h - 13*h + 19824. Calculate the greatest common factor of 48 and h.
6
Let a be (224/240)/(63/45) + 97/3. Calculate the greatest common factor of 3773 and a.
11
Let n be (-14)/84 - (2 + (-651)/18). Let f = -10 + n. What is the greatest common divisor of f and 192?
24
Let m(n) = 175*n + 5824. Let r be m(-15). What is the greatest common divisor of 14 and r?
7
Let m(i) = -i**2 - 65*i + 526. Let r be m(7). Calculate the greatest common factor of 2398 and r.
22
Suppose -4*x - 3 + 27 = 0. Let p(q) = q - 38. Let c be p(45). Let s be x/(-6)*c/(7/(-24)). Calculate the highest common factor of 12 and s.
12
Let s(y) be the third derivative of -y**6/24 + y**5/60 - y**3/2 - 36*y**2. Let q be s(-2). What is the highest common divisor of q and 369?
41
Suppose 2 = -2*o, z = -3*z - 3*o + 169. Suppose -23478 + 78381 = 175*k - 27872. Calculate the highest common divisor of k and z.
43
Let a(y) = -36*y + 282. Let t be a(7). Let g = 88 - -242. Calculate the highest common factor of t and g.
30
Suppose -180*o + 83913 = -56288 - 8839. What is the highest common factor of 4416 and o?
276
Suppose 0 = 3*x + 2*p + 42 - 147, 4*p + 175 = 5*x. Let m = x - 22. What is the highest common factor of 208 and m?
13
Let o(l) be the third derivative of 3*l**4/8 + l**3 - l**2. Let u = -1855 + 1858. Let b be o(u). Calculate the highest common factor of 33 and b.
33
Let p(r) = 153*r**2 - 25*r - 6. Let z be p(-5). Calculate the highest common factor of 58 and z.
58
Suppose 3*g = s - 15, -4*g = -3*s - 0*g + 35. Suppose -s*u + 1031 = -8*u - x, -u - 2*x = -1043. Calculate the greatest common factor of 45 and u.
45
Suppose -13*o + 909 = 753. Suppose -552 = 6*q - 8*q. Calculate the greatest common factor of o and q.
12
Let r = -103 - -113. What is the highest common factor of 170 and r?
10
Let i = 15 + -15. Suppose 3*m - 5*s + 40 = i, m + 5*s - 60 = 5*m. Let o be -1*3/(3/m). Calculate the greatest common divisor of 10 and o.
10
Let v be (-2 - 45/(-10))*-5*48/(-150). Let p(g) = -g - 2. Let f be p(-5). Suppose v*y = -y - h + 46, f = 3*h. Calculate the greatest common divisor of 18 and y.
9
Suppose 15*l - 31 - 49 = -5. What is the highest common divisor of 185 and l?
5
Suppose 10*i = -i + 671. Suppose 56*l + 330 = i*l. Calculate the greatest common divisor of 11 and l.
11
Let n(i) = -i**2 - 25*i + 159. Let d be n(5). Suppose 4*f - 430 = -f. Let o = -23 + f. What is the highest common factor of o and d?
9
Suppose -3*t - 4*p - 1543 = 0, -3*p = -t - 4*p - 514. Let w = 595 + t. Calculate the greatest common divisor of 123 and w.
41
Let h = 222 - 188. What is the greatest common divisor of 935 and h?
17
Suppose 0 = -3*w + 2*h + 151, 2*w - 32 = w - 3*h. Let a = 180 - 178. Let f be a*(-1122)/(-24) - (-3)/6. Calculate the highest common factor of f and w.
47
Suppose -1729 = -223*m + 965 - 464. What is the highest common factor of 64640 and m?
10
Let n = -9884 - -10108. Calculate the greatest common divisor of 84 and n.
28
Suppose h + 4 = 3*h. Let p = 0 + h. Let k(i) = 33*i - 213. Let b be k(7). Calculate the greatest common divisor of p and b.
2
Let x be ((-1095)/10)/(1/(-6)). Suppose -2*j - 4*a + 250 = 0, 0*j = -5*j - 2*a + x. Let r = j + -82. Calculate the highest common divisor of r and 255.
51
Suppose -s = 5070 - 5080. What is the greatest common divisor of 10 and s?
10
Suppose -45*i + 590426 = 34*i + 135*i. What is the greatest common divisor of i and 31?
31
Let v(z) = 3*z - 54. Let n be v(19). Suppose n*m = 380 + 379. Calculate the greatest common divisor of 11 and m.
11
Let d(q) = -q + 5. Suppose v - 4 = -a - 2, 3*a - 6 = -2*v. Suppose -a*k + 10 - 2 = 0. Let p be d(k). What is the greatest common factor of 1 and p?
1
Let m(t) = 35*t**2 + 186*t + 38. Let z be m(-6). Suppose 3*k = -5*c + 59, -4*c - 184 + 24 = -5*k. What is the highest common factor of z and k?
14
Suppose 0 = 25*x - 19*x - 564. Let t = 103 - x. What is the greatest common divisor of 72 and t?
9
Let g(d) = 21*d**2 - 1. Let p = 21 - 25. Let z = p - -3. Let b be g(z). What is the highest common factor of 140 and b?
20
Suppose -5*f + 107 = -33. Let x(q) = -q**3 + 20*q**2 + 12*q - 42. Let o be x(21). Let u be 4*(-7 - o)/8. Calculate the highest common divisor of u and f.
28
Suppose -12*p = 9 - 909. Calculate the highest common divisor of 165 and p.
15
Let d be (-3)/(-7) + 5132/14 + 5. Let s = -357 + d. Calculate the greatest common factor of s and 135.
15
Let i be (3136/(-21))/8*1/(28/(-273)). What is the highest common divisor of 1131 and i?
13
Let v = -37 - -57. Suppose 142*t = 145*t + 90. Let m be 128/96*t*7/(-4). Calculate the greatest common factor of v and m.
10
Let w be (-22)/(-4)*(-156)/(-13). Let f be 8/((w/180)/(-11)*-4). Calculate the greatest common factor of 330 and f.
30
Let p be (-8 + -4 - -13)/((-1)/(-7)) - -653. What is the greatest common divisor of p and 1188?
132
Let p(t) = 39*t + 438. Let i be p(-5). Calculate the greatest common divisor of i and 540.
27
Let x = -93 + 28. Let i = x + 59. Let n be (-1140)/(-40)*(-8)/i. Calculate the highest common factor of 38 and n.
38
Suppose -8*g + 104119 - 23471 = 0. Calculate the greatest common factor of 17 and g.
17
Let s = -314 + 344. What is the greatest common factor of 615 and s?
15
Let y = 1080 + 325. What is the greatest common divisor of y and 25?
5
Let d be 4 + 33/(-9) + 850/6. Let q = d + -99. Let s = q - 32. Calculate the highest common divisor of 1 and s.
1
Suppose -111*c - 2500 + 15820 = 0. Calculate the greatest common divisor of c and 2676.
12
Suppose -5*n = -3*u - 179, -3*u + 5*u - 96 = -3*n. Calculate the greatest common divisor of 26 and n.
2
Suppose 3*b = -23 + 50. Suppose 1 = -b*m